5. What is the tens digit of j?
4
Suppose -5*t + 15 = 5*n, -n = 2*t - 3 - 3. Suppose n = -x - 0*x + 1. What is the tens digit of 12 + -9 + (x - -31)?
3
Let z(v) = v**3 + 16*v**2 - 23*v - 9. What is the tens digit of z(-17)?
9
Let u be (-1)/(-1)*15/3. Let a(d) = 11*d**2 + 4*d - 14. What is the hundreds digit of a(u)?
2
Suppose 52 = m + 3*m. Suppose 0 = -16*a + 25 - 153. Let t = m + a. What is the units digit of t?
5
Let y(v) = -v**3 - v**2 + 5*v + 5. Let r be y(-10). Suppose -5*n - 4*q = -r, 5*q = -0*q - 25. What is the hundreds digit of n?
1
Suppose 2*t = 10, 2*p - t - 200 - 61 = 0. What is the units digit of p?
3
Suppose 3*m + 3*l = -12, -m = l + l + 6. Let k(u) = -4*u. Let n be k(m). What is the units digit of -4 + 1 + n + -1?
4
Suppose 0 = 17*k + 440 - 4401. What is the units digit of k?
3
Let c(r) = 5*r**2 - 2*r - 4. Let i be c(4). Let q = -20 + i. What is the units digit of q/(-20)*60/(-9)?
6
Let c(g) = g**3 - 53*g**2 + 103*g - 53. What is the tens digit of c(52)?
9
Let p be 6/(-5)*(-80)/24. Let t be 0/p + 2 + 0. Suppose -3*j + u = -t*j - 27, -4*u = 12. What is the tens digit of j?
2
Suppose 12*p = 15*p + 387. Let l = p + 337. What is the units digit of l?
8
Let l = -832 - -2826. What is the units digit of l?
4
What is the tens digit of 8 + -6 + 2 - (-6258)/6?
4
Suppose 0 + 3 = 3*k. Let n be (8/(-4) - k)*1. What is the units digit of (-5)/(n/6*2)?
5
Let j(i) = -i**3 + 9*i**2 - 6*i + 7. Let k be (-114)/(-16) + 4/(-32). What is the units digit of j(k)?
3
Suppose 795 = -856*d + 857*d. What is the units digit of d?
5
Let y be 35200/450 - (-4)/54*-3. Suppose j + 159 = 5*p, -5*j - y = -3*p + 35. What is the tens digit of p?
3
Let d = -13 + 6. Let i be 5/35 - 20/d. Suppose -i*t + 37 + 59 = 0. What is the tens digit of t?
3
Suppose 390 = 5*y - 6*y. Let w = -254 - y. Let l = w - 67. What is the units digit of l?
9
Suppose l + l = f + 262, 4*f = 5*l - 652. Let p = l + -63. What is the units digit of p?
9
Let l(q) = q - 12. Let s be l(14). Suppose 60 = h + s*h. What is the tens digit of (h/(-6))/((-4)/12)?
1
Suppose 76 = -3*c + 7*c. Let o = -16 + c. Suppose g - 37 = o. What is the tens digit of g?
4
Let n(i) = 23*i**2 + 11*i + 7. What is the tens digit of n(-5)?
2
Suppose 233*m + 3905 = 244*m. What is the units digit of m?
5
Let w be (-370)/35 - 6/14. Let y = w + 21. What is the tens digit of y?
1
Let b be ((-6)/((-4)/(-2)))/((-4)/24). What is the tens digit of 5516/36 + (-4)/b?
5
Suppose -65*u = -45*u - 13600. What is the hundreds digit of u?
6
Suppose -8*v + 6324 = -2548. What is the thousands digit of v?
1
What is the hundreds digit of ((-54)/(-45))/(33/5060)?
1
Let k be 0/(1*3/3) - -4. Let c = k + 86. What is the units digit of c?
0
Suppose -135*b + 192*b = 247323. What is the units digit of b?
9
Suppose -7*j + 12595 = -4366. What is the units digit of j?
3
Suppose -3*o + t + 72 = 0, -2*t = -2*o + 48 - 4. Suppose o - 109 = -3*k. What is the tens digit of k?
2
Let s be 1036 - 0 - (-4)/10*5. Suppose 6*m - 3*m = -2*a + 622, 5*m = -2*a + s. What is the hundreds digit of m?
2
Let x be (-10)/(-25) - (-24)/15. Let q(o) = 9*o**3 - o**2 + o + 2. Let m be q(x). What is the units digit of 5 - 2 - -1*m?
5
Let m(l) = l**3 - l**2 - l. Let n be m(1). What is the units digit of (n - -6 - 153)*1/(-2)?
4
Let v(t) = -t**2 + 8*t - 3. Let i be v(8). What is the units digit of (-358)/i*15/10?
9
Let a(h) = h**2 + 5*h - 4. Let n be a(-6). Suppose -q + n*q + 2*y = 44, -4*q - 5*y = -182. What is the units digit of q?
8
Suppose 2*n - 2672 = -6*n. What is the tens digit of n?
3
Let v(l) be the first derivative of 3*l**4/2 - l**3 + l**2/2 + 4*l + 10. What is the units digit of v(2)?
2
What is the hundreds digit of -9*(-3)/162 + (-3598)/(-12)?
3
Let u(i) be the first derivative of -4 - 2*i**2 + 1 - 10*i - i - 4*i. What is the tens digit of u(-11)?
2
Suppose -2*j = 5*x + 3*j, 4*x = -5*j. Suppose x = -3*b + 715 - 160. What is the units digit of b?
5
Suppose -18*n + 17*n = -700. Suppose 7*h = -0*h + n. What is the tens digit of h?
0
Suppose 25*b = -5*b + 39000. What is the units digit of b?
0
Suppose 5*a = -b - 376, -5*a - 28 = 4*b + 351. Let z = 45 - a. What is the tens digit of z?
2
Let d(c) = c**2 + c - 3. What is the hundreds digit of d(-11)?
1
Let w = -59 + 258. Suppose 4*t - 813 = 5*j, -t + 8 + w = -5*j. Suppose 5*u = t - 27. What is the tens digit of u?
3
Let h(r) = -r**2 + r + 432. Let o be h(0). Suppose -o = -4*a - 64. What is the tens digit of a?
9
Let k = 5 - -8. Let z = 18 - k. What is the tens digit of 8/z*(-15)/(-2)?
1
Let c(u) = -u + 6. Let m be c(2). Suppose -7*f + i + 834 = -2*f, m*f - 2*i = 672. What is the tens digit of f?
6
Let f(k) = -k**3 - 6*k**2 - k - 4. Let r = 18 + -24. Let z be f(r). Suppose -275 = z*p - 7*p - 5*l, 10 = -5*l. What is the tens digit of p?
5
Let t(j) = -20*j + 23. Suppose -34 = 2*f - 5*r, 5*r - 4 - 37 = 3*f. What is the tens digit of t(f)?
6
Let g(j) = -15*j**3 + 3*j**2 + j + 1. Let r be (-5)/2 + (-5)/10*-1. What is the tens digit of g(r)?
3
Let i be 18/(-4)*(1 + (-146)/(-6)). What is the units digit of i/(-36)*-3*-34?
3
Suppose -6*b + 12*b = 5778. What is the tens digit of b?
6
Suppose 0 = -3*p + t + 104, 22 = 4*p + 5*t - 123. Let a = p - 37. What is the units digit of 63*a/(-3) + 3?
5
Suppose 3*w - 8 = -g, 0 = 5*w - 7*g + 4*g - 32. Suppose -10 + 6 = -w*n. What is the units digit of n?
1
Suppose 0 = 4*c + 2*c - 1248. Suppose k + 2*t = 5*k - 424, 2*k - c = -t. What is the tens digit of k?
0
Let r(f) = -f**2 - 23*f + 20. What is the tens digit of r(0)?
2
Let s(c) = 7 - 31*c - 1 - 10 + 8. What is the tens digit of s(-2)?
6
Let q = 88 - -31. Suppose -4*f + q = 3*f. What is the tens digit of f?
1
Suppose -v - 311 - 270 = -4*j, 5*j - v - 725 = 0. Suppose 0*b = -4*b + j. What is the tens digit of b?
3
Suppose -2*q - 5*r + 369 = 0, -2*q + 137 = -r - 214. What is the units digit of q?
7
Suppose -u + 0*u + 371 = 0. What is the units digit of u/28 - (-1)/(-4)?
3
Let m(w) = 2*w + 20. Let h be m(-11). Let g be 8 + (3 + h - 3). Suppose g*x - 8*x + 80 = 0. What is the units digit of x?
0
Let h(m) = -2*m - 8. Let b(w) = w**3 + 5*w**2 + 7*w + 4. Let x be b(-4). Let f be h(x). Suppose -f*j = -4*j - 124. What is the tens digit of j?
3
Suppose p + 0*z + 3*z - 9 = 0, 0 = 3*p + z - 51. Suppose 312 = -p*n + 22*n. What is the tens digit of n?
7
Let j(r) be the first derivative of 6 + 1/2*r**2 + 16*r. What is the units digit of j(5)?
1
Suppose -3*j - 5*u - 76 = -668, -5*u + 25 = 0. What is the units digit of j?
9
Let y(z) = -z. Let i be -9 + 6 - (-4 + 1). Let q be y(i). Let f = q - -4. What is the units digit of f?
4
Let m = 18 - 21. Let w be (-1 - m/(-1))*-1. Suppose 5*d - 70 = -7*s + 2*s, -w*d + 31 = -s. What is the units digit of d?
9
Let j = 126 - 62. Suppose -83 = -3*t + j. What is the tens digit of t?
4
Suppose 41 = 3*v - 187. Suppose v = 17*b - 18*b. Let g = b + 110. What is the units digit of g?
4
Let f be ((-4)/(-5))/((-2)/(-10)). Suppose 3*z = j + 4, -f*z + 2*j + 5 = z. Suppose d - 3 = -z*g, -3*d = 2*d + g - 43. What is the units digit of d?
9
Suppose -63*u = -4*l - 58*u + 5631, 5*l - 7042 = 3*u. What is the units digit of l?
9
Suppose -20903 + 872 = -11*g. What is the hundreds digit of g?
8
Let g = -16 + 19. Let b(y) = 8*y - 5*y + g*y + 4*y - 3. What is the tens digit of b(2)?
1
Suppose -2*g = -0*g - 30. Suppose -2*b + 2 = -3*t, b + g = -2*b. Let v = t + 17. What is the units digit of v?
3
Let y(z) = 2*z**2 + 16*z + 27. Let a(q) = 5*q + 9. Let s be a(-4). What is the units digit of y(s)?
3
Let d(n) = 472*n + 96. What is the hundreds digit of d(4)?
9
Let o be (-104)/(-40) - (-4)/10. Let y(j) = -o - 3 + 2 - 1 + 3*j. What is the tens digit of y(9)?
2
Let a = 2667 + -1517. What is the hundreds digit of a?
1
What is the tens digit of (74/6)/(224/222 - 1)?
6
What is the units digit of 24/(-10)*(4974/(-18) - -3)?
6
Let l = 175 + -50. Suppose m - 2*i - 385 = -2*m, m - 4*i = l. What is the units digit of m?
9
Suppose 7*m = 4*m + 6. Suppose -y = -2*z + m + 11, 5*y - 55 = -5*z. Suppose 172 = 4*b - z. What is the units digit of b?
5
Let o(h) = -2*h. Let t be o(-1). Suppose -x = -t - 0. Suppose 38 = q + x*v, -2*v = 2*q - 5*v - 69. What is the tens digit of q?
3
Let b(t) = 17*t**3 + 3*t**2 + 4*t - 4. Let c be b(3). Suppose 7*f + c = 9*f. What is the units di